
{"id":187,"date":"2018-05-24T16:37:36","date_gmt":"2018-05-24T14:37:36","guid":{"rendered":"http:\/\/bk-albrecht-duerer.eschool.de\/adbk_wordpress\/?page_id=187"},"modified":"2025-04-08T12:37:50","modified_gmt":"2025-04-08T10:37:50","slug":"kontakt-gestaltungstechnik","status":"publish","type":"page","link":"https:\/\/bk-albrecht-duerer.eschool.de\/adbk_wordpress\/index.php\/berufliche-ausbildung\/gestaltungstechnik\/kontakt-gestaltungstechnik\/","title":{"rendered":"Kontakt Gestaltungstechnik"},"content":{"rendered":"<div class=\"post_start\">\n<h2>Kontakt<\/h2>\n<p>Albrecht-D\u00fcrer-Berufskolleg<br \/>\nSt\u00e4dtische Schule der Sekundarstufe II<\/p>\n<p>\u2013 Fachbereich Gestaltungstechnik \u2013<\/p>\n<p>Paulsm\u00fchlenstra\u00dfe 1<br \/>\n40597 D\u00fcsseldorf<\/p>\n<p>Tel: 0211 89 973 00<br \/>\nFax: 0211 89 973 09<\/p>\n<p>Ulrich Reinkemeier | Abteilungsleiter Gestaltungstechnik | ulrich.reinkemeier[at]adbk.nrw.schule<\/p>\n<p>Monika Strau\u00df | Sekretariat Gestaltungstechnik | monika.strauss[at]adbk.nrw.schule<\/p>\n<p>Tel: 0211 89 973 02<\/p>\n<\/div>\n","protected":false},"excerpt":{"rendered":"<p>Kontakt Albrecht-D\u00fcrer-Berufskolleg St\u00e4dtische Schule der Sekundarstufe II \u2013 Fachbereich Gestaltungstechnik \u2013 Paulsm\u00fchlenstra\u00dfe 1 40597 D\u00fcsseldorf Tel: 0211 89 973 00 Fax: 0211 89 973 09 Ulrich Reinkemeier | Abteilungsleiter Gestaltungstechnik [&hellip;]<\/p>\n","protected":false},"author":17,"featured_media":0,"parent":185,"menu_order":0,"comment_status":"closed","ping_status":"closed","template":"","meta":{"_custom_body_class":"","_custom_post_class":"","iawp_total_views":0,"footnotes":""},"class_list":["post-187","page","type-page","status-publish","hentry"],"_links":{"self":[{"href":"https:\/\/bk-albrecht-duerer.eschool.de\/adbk_wordpress\/index.php\/wp-json\/wp\/v2\/pages\/187","targetHints":{"allow":["GET"]}}],"collection":[{"href":"https:\/\/bk-albrecht-duerer.eschool.de\/adbk_wordpress\/index.php\/wp-json\/wp\/v2\/pages"}],"about":[{"href":"https:\/\/bk-albrecht-duerer.eschool.de\/adbk_wordpress\/index.php\/wp-json\/wp\/v2\/types\/page"}],"author":[{"embeddable":true,"href":"https:\/\/bk-albrecht-duerer.eschool.de\/adbk_wordpress\/index.php\/wp-json\/wp\/v2\/users\/17"}],"replies":[{"embeddable":true,"href":"https:\/\/bk-albrecht-duerer.eschool.de\/adbk_wordpress\/index.php\/wp-json\/wp\/v2\/comments?post=187"}],"version-history":[{"count":12,"href":"https:\/\/bk-albrecht-duerer.eschool.de\/adbk_wordpress\/index.php\/wp-json\/wp\/v2\/pages\/187\/revisions"}],"predecessor-version":[{"id":9241,"href":"https:\/\/bk-albrecht-duerer.eschool.de\/adbk_wordpress\/index.php\/wp-json\/wp\/v2\/pages\/187\/revisions\/9241"}],"up":[{"embeddable":true,"href":"https:\/\/bk-albrecht-duerer.eschool.de\/adbk_wordpress\/index.php\/wp-json\/wp\/v2\/pages\/185"}],"wp:attachment":[{"href":"https:\/\/bk-albrecht-duerer.eschool.de\/adbk_wordpress\/index.php\/wp-json\/wp\/v2\/media?parent=187"}],"curies":[{"name":"wp","href":"https:\/\/api.w.org\/{rel}","templated":true}]}}

<div class="post_start">
<h2>Kontakt</h2>
<p>Albrecht-Dürer-Berufskolleg<br />
Städtische Schule der Sekundarstufe II</p>
<p>– Fachbereich Gestaltungstechnik –</p>
<p>Paulsmühlenstraße 1<br />
40597 Düsseldorf</p>
<p>Tel: 0211 89 973 00<br />
Fax: 0211 89 973 09</p>
<p>Ulrich Reinkemeier | Abteilungsleiter Gestaltungstechnik | ulrich.reinkemeier[at]adbk.nrw.schule</p>
<p>Monika Strauß | Sekretariat Gestaltungstechnik | monika.strauss[at]adbk.nrw.schule</p>
<p>Tel: 0211 89 973 02</p>
</div>

<p>Kontakt Albrecht-Dürer-Berufskolleg Städtische Schule der Sekundarstufe II – Fachbereich Gestaltungstechnik – Paulsmühlenstraße 1 40597 Düsseldorf Tel: 0211 89 973 00 Fax: 0211 89 973 09 Ulrich Reinkemeier | Abteilungsleiter Gestaltungstechnik [&hellip;]</p>
